{"id":68,"date":"2024-07-02T23:41:17","date_gmt":"2024-07-02T21:41:17","guid":{"rendered":"https:\/\/marche.cultura.gov.it\/?page_id=68"},"modified":"2024-07-02T23:41:17","modified_gmt":"2024-07-02T21:41:17","slug":"valorizzazione","status":"publish","type":"page","link":"https:\/\/marche.cultura.gov.it\/?page_id=68","title":{"rendered":"Valorizzazione"},"content":{"rendered":"\n<p>La valorizzazione del patrimonio culturale statale consiste nell\u2019esercizio delle funzioni e nella disciplina di&nbsp; tutte quelle attivit\u00e0 a cura dell\u2019Amministrazione dei Beni Culturali volte a promuovere la conoscenza del patrimonio nazionale e ad assicurare le migliori condizioni di utilizzazione e fruizione del patrimonio stesso ad ogni tipo di pubblico, al fine di incentivare lo sviluppo della cultura.<br><br>La valorizzazione&nbsp;comprende, inoltre, finalit\u00e0 educative di stretto collegamento con il patrimonio, al fine di migliorare le condizioni di conoscenza e, conseguentemente, anche di conservazione dei beni culturali e ambientali, incrementandone la fruibilit\u00e0. Anche la promozione ed il sostegno di interventi di conservazione dei beni culturali rientrano nel concetto di valorizzazione.<\/p>\n\n\n\n<p>In riferimento al paesaggio, la valorizzazione riguarda la riqualificazione degli immobili e delle aree sottoposti a tutela, come pure la realizzazione di nuovi valori paesaggistici. Tutti questi interventi devono essere effettuati in forme compatibili con la tutela e in modo tale da non pregiudicarne le fondamentali esigenze. Tutela e valorizzazione sono, quindi, attivit\u00e0 strettamente collegate ed \u00e8 responsabilit\u00e0.<br>Il Codice dei beni culturali (d.lgs n.42\/2014 art. 7) fissa i principi fondamentali in materia di valorizzazione del patrimonio culturale, nel rispetto dei quali le regioni esercitano la propria potest\u00e0 legislativa, perseguendo il coordinamento e l\u2019integrazione delle attivit\u00e0 di valorizzazione dei beni pubblici, anche grazie all\u2019intervento di privati.<br>Le attivit\u00e0 di valorizzazione dei beni culturali di propriet\u00e0 sia pubblica che privata, la qualit\u00e0 delle attivit\u00e0 e le forme di gestione delle attivit\u00e0 stesse (diretta o indiretta), sono definite dagli articoli da 111 a 115 del Codice.<br>In particolare l\u2019articolo 112, comma 4, prevede la figura dell\u2019accordo come forma di svolgimento delle attivit\u00e0 di valorizzazione dei beni culturali e particolarmente come modalit\u00e0 di esercizio congiunto delle funzioni tra Stato, regioni e altri enti pubblici territoriali.<\/p>\n\n\n\n<p><strong>In seguito alla riorganizzazione del Ministero per i beni e le attivit\u00e0 culturali con Dpcm n. 171 del 2014, la valorizzazione del patrimonio culturale statale \u00e8 affidata principalmente al&nbsp;<a href=\"http:\/\/www.musei.marche.beniculturali.it\/\">Polo museale regionale<\/a>&nbsp;(<a href=\"http:\/\/www.musei.marche.beniculturali.it\/\">http:\/\/www.musei.marche.beniculturali.it<\/a>\/), che opera per favorire il dialogo tra enti statali e locali, tra realt\u00e0 museali pubbliche e private, per la costruzione del sistema museale regionale, ma anche il Segretariato regionale svolge attivit\u00e0 di valorizzazione, principalmente attraverso:<\/strong><\/p>\n\n\n\n<p>&#8211;&nbsp;&nbsp;&nbsp;&nbsp;&nbsp;&nbsp;&nbsp;&nbsp;&nbsp; La&nbsp;<strong><a href=\"https:\/\/www.marche.beniculturali.it\/it\/162\/commissione-regionale-per-il-patrimonio-culturale\">Commissione Regionale per il Patrimonio culturale<\/a><\/strong>, di cui il Segretario regionale \u00e8 presidente, ai sensi dell\u2019art 39 del dpcm n.171\/2014: la CoRePaCu concede l&#8217;uso dei beni culturali in consegna al Ministero,&nbsp; ai sensi degli articoli 106 e 107 del Codice ed esprime pareri sugli interventi da inserire nei programmi annuali e pluriennali e nei relativi piani di spesa, anche sulla base delle indicazioni degli uffici periferici del Ministero;<\/p>\n\n\n\n<p>&#8211;&nbsp;&nbsp;&nbsp;&nbsp;&nbsp;&nbsp;&nbsp;&nbsp;&nbsp;&nbsp;<strong><a href=\"https:\/\/www.marche.beniculturali.it\/it\/166\/federalismo-demaniale-culturale\">mediante accordi di federalismo demaniale culturale<\/a><\/strong>, che trasferisce beni del patrimonio culturale dello Stato agli Enti Locali, secondo la procedura prevista dall&#8217;art. 5 c. 5 del D.Lgs. 85\/2010, al fine di una migliore fruizione e valorizzazione dei beni stessi;<\/p>\n","protected":false},"excerpt":{"rendered":"<p>La valorizzazione del patrimonio culturale statale consiste nell\u2019esercizio delle funzioni e nella disciplina di&nbsp; tutte quelle attivit\u00e0 a cura dell\u2019Amministrazione dei Beni Culturali volte a promuovere la conoscenza del patrimonio nazionale e ad assicurare le migliori condizioni di utilizzazione e fruizione del patrimonio stesso ad ogni tipo di pubblico, al fine di incentivare lo sviluppo della cultura.<\/p>\n","protected":false},"author":1,"featured_media":0,"parent":0,"menu_order":0,"comment_status":"closed","ping_status":"closed","template":"","meta":{"footnotes":""},"tags":[],"class_list":["post-68","page","type-page","status-publish","hentry"],"_links":{"self":[{"href":"https:\/\/marche.cultura.gov.it\/index.php?rest_route=\/wp\/v2\/pages\/68","targetHints":{"allow":["GET"]}}],"collection":[{"href":"https:\/\/marche.cultura.gov.it\/index.php?rest_route=\/wp\/v2\/pages"}],"about":[{"href":"https:\/\/marche.cultura.gov.it\/index.php?rest_route=\/wp\/v2\/types\/page"}],"author":[{"embeddable":true,"href":"https:\/\/marche.cultura.gov.it\/index.php?rest_route=\/wp\/v2\/users\/1"}],"replies":[{"embeddable":true,"href":"https:\/\/marche.cultura.gov.it\/index.php?rest_route=%2Fwp%2Fv2%2Fcomments&post=68"}],"version-history":[{"count":1,"href":"https:\/\/marche.cultura.gov.it\/index.php?rest_route=\/wp\/v2\/pages\/68\/revisions"}],"predecessor-version":[{"id":69,"href":"https:\/\/marche.cultura.gov.it\/index.php?rest_route=\/wp\/v2\/pages\/68\/revisions\/69"}],"wp:attachment":[{"href":"https:\/\/marche.cultura.gov.it\/index.php?rest_route=%2Fwp%2Fv2%2Fmedia&parent=68"}],"wp:term":[{"taxonomy":"post_tag","embeddable":true,"href":"https:\/\/marche.cultura.gov.it\/index.php?rest_route=%2Fwp%2Fv2%2Ftags&post=68"}],"curies":[{"name":"wp","href":"https:\/\/api.w.org\/{rel}","templated":true}]}}