{"id":70,"date":"2024-07-02T23:42:17","date_gmt":"2024-07-02T21:42:17","guid":{"rendered":"https:\/\/marche.cultura.gov.it\/?page_id=70"},"modified":"2024-07-02T23:42:17","modified_gmt":"2024-07-02T21:42:17","slug":"federalismo-demaniale-culturale","status":"publish","type":"page","link":"https:\/\/marche.cultura.gov.it\/?page_id=70","title":{"rendered":"Federalismo demaniale culturale"},"content":{"rendered":"\n<p>I comuni, le province, le citt\u00e0 metropolitane e le regioni possono chiedere il trasferimento di beni culturali appartenenti al demanio statale ai sensi del&nbsp;<a href=\"http:\/\/www.toscana.beniculturali.it\/sites\/default\/files\/sites\/default\/files\/uploads\/d_lgs_85_2010.pdf\">Decreto Legislativo 28 maggio 2010, n. 85<\/a>, noto come norma che sancisce il c.d. Federalismo demaniale. La condizione del trasferimento \u00e8 che ne sia garantita la massima valorizzazione funzionale (art. 1, comma 2).<\/p>\n\n\n\n<p>Per l\u2019ambito dei beni culturali, vale una speciale disposizione detta di federalismo demaniale culturale (art. 5, comma 5 del D. Lgs. 85\/2010 e circolare 18 del 18 maggio 2011 del Segretariato generale del Ministero).<\/p>\n\n\n\n<p>Le parti (Demanio, Ministero, Ente territoriale interessato) pattuiscono e garantiscono l\u2019obiettivo della massima valorizzazione previsto dall\u2019art. 1 comma 2 del Decreto tramite l\u2019accordo di valorizzazione culturale.<br>Il&nbsp;<a href=\"https:\/\/www.marche.beniculturali.it\/getFile.php?id=91\">Protocollo di Intesa<\/a>&nbsp;tra il Ministero e l\u2019Agenzia del Demanio che definisce le linee procedurali \u00e8 del 9 febbraio 2011 ed \u00e8 pubblicato sul sito MIBAC. Sono esclusi dal federalismo quei beni culturali appartenenti al patrimonio culturale nazionale o che siano assoggettati al c.d. uso governativo&nbsp; o altri particolari casi.<\/p>\n\n\n\n<p>L&#8217;attribuzione dei beni di interesse storico-artistico si avvia con la stipula di un Accordo di Valorizzazione, ai sensi dell&#8217; art. 112 c. 4 del D.Lgs 42\/2004, per la riqualificazione, la salvaguardia e la tutela del bene tra l&#8217;Ente Locale coinvolto, il MiBAC e l&#8217;Agenzia del Demanio. L&#8217;Ente si impegna alla rifunzionalizzazione dell&#8217;immobile sulla base di un Programma di Valorizzazione che contiene specifici obiettivi culturali, assicurandone una gestione efficace e sostenibile anche dal punto di vista economico-finanziario.<\/p>\n\n\n\n<p>L&#8217;iter per richiedere il trasferimento, a titolo gratuito, di&nbsp;beni dello Stato di grande pregio e valore storico artistico \u00e8 sempre aperta. Il trasferimento di propriet\u00e0 dell&#8217;immobile avviene quindi sulla&nbsp;base di un Programma di Valorizzazione specifico, proposto dall&#8217;Ente Territoriale e approvato dal Ministero per i beni e le attivit\u00e0 culturali e dall&#8217;Agenzia del Demanio.<\/p>\n\n\n\n<p>Per avviare la procedura \u00e8 necessaria la richiesta da parte dell&#8217;Ente Territoriale al MiBAC e all&#8217;Agenzia del Demanio di un bene riconosciuto di pregio storico-artistico. Con la convocazione del &#8220;Tavolo Tecnico Operativo&#8221; prende&nbsp; avvio il gruppo di lavoro, di cui fanno parte l&#8217;Agenzia del Demanio, il MiBAC e l&#8217;Ente Locale, per definire il Programma di Valorizzazione.<\/p>\n\n\n\n<p><em><strong>GLI ACCORDI DI FEDERALISMO DEMANIALE CULTURALE FIRMATI DAL SEGRETARIATO REGIONALE PER LE MARCHE SONO:<\/strong><\/em><\/p>\n\n\n\n<ol class=\"wp-block-list\">\n<li>In data 07 marzo 2018 : Accordo di Valorizzazione ex art.112 del D.Lgs.42\/2004, finalizzato all\u2019attivazione delle procedure di cui all\u2019art. 5 comma 5 del D. Lgs. 85\/2010 avente ad oggetto:<strong><em>\u00a0<\/em><em>\u201c<\/em><em>EX POLIGONO DI TIRO A SEGNO\u201d<\/em><em>\u00a0sito in FERMO.<\/em><\/strong><\/li>\n\n\n\n<li>In data 16 marzo 2017 :<em>\u00a0\u00a0<\/em>Accordo di Valorizzazione ex art.112 del D.Lgs.42\/2004, finalizzato all\u2019attivazione delle procedure di cui all\u2019art. 5 comma 5 del D. Lgs. 85\/2010 avente ad oggetto :\u00a0<strong>\u201c<\/strong><em><strong>FORTE MALATESTA\u201d<\/strong>\u00a0\u2013 Porzione ( C.F. Fg. 169, part.lle 1172 e 1173 sub.1)<\/em>\u00a0sito in ASCOLI PICENO.<\/li>\n\n\n\n<li>In data 19 settembre 2016: Accordo di Valorizzazione ex art.112 del D.Lgs.42\/2004, finalizzato all\u2019attivazione delle procedure di cui all\u2019art. 5 comma 5 del D. Lgs. 85\/2010 avente ad oggetto Porzione\u00a0<em><strong>\u201cEx FORTE MALATESTA\u201d c.d. Casotto<\/strong>\u00a0( C.T. Fg. 119, part.lle 1174 e 1175 sub.1 )<\/em>\u00a0sito in ASCOLI PICENO.<\/li>\n\n\n\n<li>In data 5 novembre 2014 :<em>\u00a0\u00a0<\/em>Accordo di Valorizzazione ex art.112 del D.Lgs.42\/2004, finalizzato all\u2019attivazione delle procedure di cui all\u2019art. 5 comma 5 del D. Lgs. 85\/2010 avente ad oggetto :\u00a0<strong>\u201c<em>CHIESA EX CONVENTO DELLE CLARISSE O SS. TRINITA\u201d\u00a0<\/em>sito in MONTEDINOVE ( AP)<\/strong><\/li>\n\n\n\n<li>In data 25 settembre 2012 : Accordo di Valorizzazione ex art.112 del D.Lgs.42\/2004, finalizzato all\u2019attivazione delle procedure di cui all\u2019art. 5 comma 5 del D. Lgs. 85\/2010 avente ad oggetto:<em>\u00a0<\/em><strong><em>\u201c<\/em><em>EX\u00a0<\/em><em>CAMPO\u00a0<\/em><em>DI TIRO A SEGNO\u201d<\/em><em>\u00a0sito in MONTEFALCONE APPENNINO ( FM).<\/em><\/strong><\/li>\n<\/ol>\n\n\n\n<p><strong>Riferimenti normativi:<\/strong><\/p>\n\n\n\n<p><strong>L. 85\/2010, art. 5 comma 5<\/strong>&nbsp;&#8211;&nbsp; Trasferimento agli Enti Territoriali di Beni immobili appartenenti al patrimonio culturale dello Stato&nbsp; &#8211; &#8220;Federalismo demaniale&#8221;<\/p>\n\n\n\n<p>&#8220;nell&#8217;ambito di specifici accordi di valorizzazione e dei conseguenti programmi e piani strategici di sviluppo culturale, definiti ai sensi e con i contenuti di cui all&#8217;art. 112, comma 4, del Codice per i beni culturali ed il paesaggio, di cui al decreto legislativo 22 gennaio &#8211; 2004, n. 42 e s.m.i., lo Stato provvede [&#8230; ] al trasferimento alle regioni e agli altri enti territoriali, ai sensi dell&#8217;art. 54, comma 3 del citato Codice, dei beni e delle cose indicati nei suddetti accordi di valorizzazione&#8221;;<\/p>\n\n\n\n<p><strong>D.Lgs 42\/2004 e s.m.i., articolo 112, comma&nbsp; 4<\/strong><\/p>\n\n\n\n<p>&#8220;lo Stato, le regioni e gli altri enti pubblici territoriali stipulano accordi per definire strategie ed obiettivi comuni di valorizzazione, nonch\u00e9 per elaborare i conseguenti piani strategici di sviluppo culturale ed i programmi relativamente ai beni culturali di pertinenza pubblica&#8221; promuovendo altres\u00ec &#8220;l&#8217;integrazione, nel processo di valorizzazione concordato, delle infrastrutture e dei settori produttivi collegati&#8221;;<\/p>\n\n\n\n<p>L&#8217;Ente interessato ad acquisire l&#8217;immobile provvede alla stesura e alla definizione del Programma di Valorizzazione, che nella maggior parte dei casi prevede interventi volti al restauro o alla manutenzione degli edifici, diventa pertanto funzionale la partecipazione ai TTO della Soprintendenza Archeologia, Belle Arti e Paesaggio competente per territorio soprattutto nella fase di analisi del programma, fermo restando la necessit\u00e0 per l&#8217;Ente locale di acquisire successivamente le autorizzazioni previste.<\/p>\n\n\n\n<p>L&#8217;Accordo di Valorizzazione, propedeutico all&#8217;atto di trasferimento del bene, prevede da parte dell&#8217;Ente territoriale la sottoscrizione di specifici impegni e l&#8217;attuazione del Programma di valorizzazione, nei tempi e nelle modalit\u00e0 previste.<\/p>\n\n\n\n<p>Sottoscritto l&#8217;Accordo di Valorizzazione e avvenuto il trasferimento, il bene, ora di propriet\u00e0 dell&#8217;Ente Locale, viene restituito alla collettivit\u00e0. Attraverso un&#8217;attivit\u00e0 di monitoraggio il MiBAC e l&#8217;Agenzia del Demanio verificano l&#8217;effettiva fruizione e valorizzazione del bene.&nbsp;<\/p>\n\n\n\n<p>Al Segretariato regionale sono attribuiti i seguenti compiti:<\/p>\n\n\n\n<ul class=\"wp-block-list\">\n<li>convocare e presiedere i Tavoli Tecnici Operativi (per la presentazione del programma, per la sua approvazione, per l&#8217;approvazione dell&#8217;accordo, per la sua sottoscrizione) e della stesura del verbale della riunione;<\/li>\n\n\n\n<li>coordinare le figure coinvolte nella procedura, nelle varie fasi;<\/li>\n\n\n\n<li>verificare, correggere e indirizzare il programma di valorizzazione (in accordo con le soprintendenze, e con il demanio);\u00a0<\/li>\n\n\n\n<li>predisporre l&#8217;accordo di valorizzazione e recepire le sezioni di competenza degli altri enti;<\/li>\n\n\n\n<li>verificare annualmente il rispetto della realizzazione degli interventi previsti dal programma, sulla base di una relazione che il comune \u00e8 tenuto a trasmettere.<\/li>\n<\/ul>\n","protected":false},"excerpt":{"rendered":"<p>I comuni, le province, le citt\u00e0 metropolitane e le regioni possono chiedere il trasferimento di beni culturali appartenenti al demanio statale ai sensi del&nbsp;Decreto Legislativo 28 maggio 2010, n.<\/p>\n","protected":false},"author":1,"featured_media":0,"parent":0,"menu_order":0,"comment_status":"closed","ping_status":"closed","template":"","meta":{"footnotes":""},"tags":[],"class_list":["post-70","page","type-page","status-publish","hentry"],"_links":{"self":[{"href":"https:\/\/marche.cultura.gov.it\/index.php?rest_route=\/wp\/v2\/pages\/70","targetHints":{"allow":["GET"]}}],"collection":[{"href":"https:\/\/marche.cultura.gov.it\/index.php?rest_route=\/wp\/v2\/pages"}],"about":[{"href":"https:\/\/marche.cultura.gov.it\/index.php?rest_route=\/wp\/v2\/types\/page"}],"author":[{"embeddable":true,"href":"https:\/\/marche.cultura.gov.it\/index.php?rest_route=\/wp\/v2\/users\/1"}],"replies":[{"embeddable":true,"href":"https:\/\/marche.cultura.gov.it\/index.php?rest_route=%2Fwp%2Fv2%2Fcomments&post=70"}],"version-history":[{"count":1,"href":"https:\/\/marche.cultura.gov.it\/index.php?rest_route=\/wp\/v2\/pages\/70\/revisions"}],"predecessor-version":[{"id":71,"href":"https:\/\/marche.cultura.gov.it\/index.php?rest_route=\/wp\/v2\/pages\/70\/revisions\/71"}],"wp:attachment":[{"href":"https:\/\/marche.cultura.gov.it\/index.php?rest_route=%2Fwp%2Fv2%2Fmedia&parent=70"}],"wp:term":[{"taxonomy":"post_tag","embeddable":true,"href":"https:\/\/marche.cultura.gov.it\/index.php?rest_route=%2Fwp%2Fv2%2Ftags&post=70"}],"curies":[{"name":"wp","href":"https:\/\/api.w.org\/{rel}","templated":true}]}}